e a(-16).
-18
Let q(p) = -2*p**3 - 29*p**2 + 12*p - 46. Give q(-15).
-1
Let s(c) = -c**3 + 10*c**2 + 11*c - 7. Calculate s(11).
-7
Let u(v) = v**3 - 8*v**2 + 8*v - 5. What is u(6)?
-29
Let o(x) = -x**2 - 45*x - 166. Determine o(-41).
-2
Let c(x) = -x**2 - 17*x - 24. What is c(-15)?
6
Let i(t) = -4*t - 5. Calculate i(-6).
19
Let k(n) = n**3 + n**2 + n + 3. What is k(0)?
3
Let b(v) = v**2 - 7*v. Give b(4).
-12
Let k(b) = b**3 - 17*b**2 + 9*b - 6. What is k(16)?
-118
Let x(t) = t**2 - 5*t - 918. Determine x(-28).
6
Let w(d) = 2*d**2 - 6*d. Give w(3).
0
Let o(y) = y**2 + 3*y + 3. Determine o(5).
43
Let g(n) = 2*n**3 + 22*n**2 + 22*n + 25. Calculate g(-10).
5
Let k(z) = 3*z**3 + 2*z + 1. Calculate k(-1).
-4
Let b(z) = 5*z + 74. Give b(-16).
-6
Let z(b) = -3*b**3 - 15*b**2 - 10*b - 8. Give z(-4).
-16
Let z(p) = -2*p**3 + 2*p**2 + 7*p - 3. Calculate z(3).
-18
Let o(i) = -i**3 + 16*i**2 - 28*i + 4. What is o(14)?
4
Let r(i) = i**3 - i**2 - 2*i + 19. What is r(0)?
19
Let d(h) = -h**3 + 10*h**2 - 8*h - 8. Calculate d(8).
56
Let f(b) = b - 2. Calculate f(0).
-2
Let f(m) = -16*m + 68. What is f(5)?
-12
Let q(x) = x**2 + 16*x - 135. What is q(-22)?
-3
Let c(d) = 3*d**2 - d + 13. Determine c(-6).
127
Let o(b) = -b**3 + 2*b**2 + 2*b + 2. What is o(2)?
6
Let b(q) = 10*q - 3. Give b(-2).
-23
Let t(s) = s**3 + 7*s**2 + 8*s. What is t(-6)?
-12
Let c(h) = -h**2 + 14*h + 10. Calculate c(13).
23
Let w(k) = -9*k - 2. What is w(5)?
-47
Let c(t) = -t**3 - 15*t**2 + 31*t - 9. Determine c(-17).
42
Let w(l) = 2*l**2 + 2*l + 1. Determine w(2).
13
Let l(m) = m**3 - 44*m**2 - 45*m + 11. Give l(45).
11
Let x(a) = a**3 + 4*a**2 - 18*a - 4. Give x(-5).
61
Let m(h) = 4*h + 32. Determine m(-5).
12
Let l(v) = v**3 + 27*v**2 + 176*v - 14. Calculate l(-11).
-14
Let w(m) = 15*m**2 + 14*m + 4. Determine w(-2).
36
Let f(a) = -2*a - 8. What is f(-7)?
6
Let q(p) = -3*p - 10. Give q(-3).
-1
Let o(p) = -p**2 + 11*p + 18. Determine o(11).
18
Let x(u) = u**3 + 12*u**2 - 9*u - 111. What is x(-12)?
-3
Let f(u) = 16*u - 4. Calculate f(2).
28
Let p(x) = 7*x - 166. What is p(23)?
-5
Let s(d) = -d**3 - 19*d**2 - 50*d - 5. Determine s(-16).
27
Let d(h) = h + 8. Calculate d(-11).
-3
Let a(i) = -i**3 + 8*i**2 + 9*i - 6. Calculate a(9).
-6
Let t(r) = 7*r**3 - 2*r**2 - r + 2. What is t(1)?
6
Let m(i) = -29*i**2 - 1. Calculate m(1).
-30
Let v(a) = a**2 - 21*a - 157. Determine v(-6).
5
Let t(v) = 2*v**2 - 6*v - 3. Calculate t(-3).
33
Let v(i) = -6*i**2 + 127*i + 4. Give v(21).
25
Let g(t) = -t**2 - 3*t + 7. Give g(5).
-33
Let a(p) = p**2 + 9*p + 15. Calculate a(-6).
-3
Let k(w) = -w**2 - 12*w. Calculate k(-12).
0
Let q(d) = -d**2 + 2*d - 4. Give q(3).
-7
Let a(c) = 3*c**3 + 28*c**2 + 12*c + 13. Give a(-9).
-14
Let i(t) = 2*t**3 + 14*t**2 + t + 6. What is i(-7)?
-1
Let q(n) = 26*n**3 + 3*n + 2. Calculate q(-1).
-27
Let b(p) = -28*p + 416. Calculate b(15).
-4
Let p(f) = -2*f**3 - 3*f**2 + 2*f + 4. Determine p(-2).
4
Let m(v) = -7*v - 13. Calculate m(-1).
-6
Let n(v) = 6*v - 28. Give n(4).
-4
Let s(n) = 3*n - 106. What is s(33)?
-7
Let a(w) = -w**3 - 3*w**2 - 5*w - 13. Determine a(-2).
-7
Let l(z) = -10*z**3 + z - 2. What is l(1)?
-11
Let i(k) = k**3 + 20*k**2 - 6*k - 105. What is i(-20)?
15
Let c(y) = -y**3 - 4*y**2 - 4*y - 1. What is c(-3)?
2
Let c(h) = h**3 + 6*h**2 + 7*h + 8. Determine c(-4).
12
Let w(c) = -c**3 - 6*c**2 + 5*c + 13. Calculate w(-4).
-39
Let r(m) = m**2 + 12*m - 119. Determine r(6).
-11
Let a(t) = t - 69. Give a(17).
-52
Let l(i) = -i**3 - 5*i**2 - 20*i - 105. Calculate l(-5).
-5
Let z(u) = -4*u - 23. What is z(-7)?
5
Let x(t) = -2*t**2 - 10*t - 8. Determine x(0).
-8
Let a(g) = 4*g**2 - 4*g - 33. Calculate a(-5).
87
Let d(z) = -4*z**3 - 2*z**2 - 2*z + 6. Give d(-3).
102
Let o(m) = -m**2 + 4*m + 7. Determine o(6).
-5
Let f(k) = -k**3 - 4*k**2 + 5*k - 4. What is f(-4)?
-24
Let a(j) = -4*j**3 - 11*j**2 + 6*j. Determine a(-3).
-9
Let y(n) = -n**3 - 7*n**2 + 11*n - 5. Calculate y(-9).
58
Let f(q) = 51*q - 920. Give f(18).
-2
Let r(n) = -n**3 + 12*n**2 + 15*n - 38. Determine r(13).
-12
Let z(c) = 9*c - 139. Determine z(14).
-13
Let y(a) = 5*a + 36. Determine y(-8).
-4
Let x(v) = -v**2 + 12*v - 30. What is x(4)?
2
Let q(p) = -p**2 + 7*p - 4. What is q(12)?
-64
Let u(h) = h**2 - 10*h + 27. What is u(6)?
3
Let z(s) = -30*s + 96. Give z(5).
-54
Let q(t) = t**2 - 4*t - 3. Give q(2).
-7
Let a(w) = -2*w**3 + w**2 - w - 1. What is a(-1)?
3
Let h(q) = -3*q**3 + 3*q**2 + 8*q. Calculate h(4).
-112
Let x(k) = 11*k + 36. Calculate x(-6).
-30
Let k(x) = -13*x + 6. Calculate k(-2).
32
Let w(h) = 5*h**2 + 3*h + 5. Give w(0).
5
Let h(q) = q**3 + 7*q**2 - 7*q + 4. What is h(-8)?
-4
Let i(x) = -x**3 + 9*x**2 + 17*x - 6. What is i(11)?
-61
Let m(x) = 131*x - 786. What is m(6)?
0
Let u(w) = -2*w - 23. Determine u(-10).
-3
Let d(j) = -j**3 - 22*j**2 + j + 25. Determine d(-22).
3
Let y(t) = 16*t + 50. What is y(-4)?
-14
Let k(x) = -3*x**2 + 11*x - 4. Calculate k(4).
-8
Let q(d) = -d**2 + 20*d + 6. Calculate q(20).
6
Let d(v) = 8*v - 15. Calculate d(-4).
-47
Let l(g) = -g - 5. Calculate l(0).
-5
Let k(b) = -5*b + 3. What is k(-5)?
28
Let n(g) = -19*g**2 + 9*g + 5. Calculate n(-2).
-89
Let k(q) = -q**3 - 11*q**2 - 23*q + 4. What is k(-8)?
-4
Let l(j) = j + 18. Determine l(-24).
-6
Let g(a) = 2*a**3 - 6*a**2 + 3*a + 1. Calculate g(-3).
-116
Let y(f) = -6*f + 142. Give y(27).
-20
Let m(b) = -3*b**2 + 23. Give m(-3).
-4
Let t(x) = x**2 - 7*x - 8. Calculate t(7).
-8
Let s(n) = -4*n**2 + 2*n + 9. Determine s(5).
-81
Let h(s) = s**3 - 4*s**2 + 3. Give h(3).
-6
Let l(w) = -w**2 - 8*w - 13. What is l(-2)?
-1
Let l(v) = v**3 - 9*v**2 - 23*v + 8. What is l(11)?
-3
Let k(o) = o - 8. Give k(-4).
-12
Let l(z) = 17*z - 7. Give l(1).
10
Let x(s) = s**2 + 7*s - 12. Give x(-9).
6
Let f(h) = -h**2 - 10*h - 21. Give f(-11).
-32
Let o(m) = -m**3 + 24*m**2 - 10. What is o(24)?
-10
Let p(c) = 6*c**2 + 2*c - 1. Give p(2).
27
Let w(g) = 5*g - 222. Give w(46).
8
Let b(d) = -8*d + 10. What is b(14)?
-102
Let o(d) = -d + 4. Calculate o(-7).
11
Let p(m) = 16*m**2 - 14*m + 13. What is p(1)?
15
Let n(f) = f**3 - 4*f**2 - 16*f - 28. Give n(7).
7
Let z(t) = -3*t**3 + 2*t**2 - t. Determine z(1).
-2
Let h(s) = 3*s**2 + s - 24. What is h(-5)?
46
Let m(n) = 9*n - 62. What is m(6)?
-8
Let o(c) = c**3 - 12*c**2 + 16*c + 10. What is o(11)?
65
Let b(a) = -a**2 - 8*a - 7. What is b(-10)?
-27
Let f(b) = -b + 14. Give f(13).
1
Let a(z) = -6*z - 43. What is a(-7)?
-1
Let b(n) = -15*n - 225. What is b(-17)?
30
Let c(m) = m**3 - 2*m**2 - 5*m + 4. Calculate c(5).
54
Let i(s) = -s**3 + 22*s**2 + 23*s - 41. Calculate i(23).
-41
Let t(d) = -7*d**3 + d**2 + 2*d - 1. Give t(-2).
55
Let b(d) = -d**2 + 13*d - 8. Determine b(13).
-8
Let t(p) = -p**2 + 3*p + 5. What is t(7)?
-23
Let t(p) = -2*p - 2. Calculate t(-9).
16
Let t(j) = -2*j**3 - 2*j**2 + 7*j + 3. What is t(2)?
-7
Let o(c) = 5*c + 22. Calculate o(-7).
-13
Let z(g) = 5*g**2 - 1. Calculate z(1).
4
Let u(a) = -a**3 - 9*a**2 - 2*a - 21. Give u(-10).
99
Let y(j) = 26*j + 5. Give y(-4).
-99
Let g(p) = -25*p**3 - 2*p**2 + p. Give g(1).
-26
Let r(p) = -p**2 - 14*p - 6. What is r(-14)?
-6
Let p(r) = -17*r - 6. Calculate p(-1).
11
Let s(h) = -h**3 + 15*h**2 - 52*h + 5. Calculate s(10).
-15
Let l(w) = -w**3 + 8*w**2 + 19*w - 17. Give l(9).
73
Let j(y) = -y**2 - 4*y + 40. Determine j(-8).
8
Let i(w) = -3*w + 15. Determine i(2).
9
Let r(i) = -i**2 - 6*i - 7. Calculate r(-3).
2
Let v(a) = 2*a**3 + a**2. Give v(-1).
-1
Let u(a) = -a**3 - 3*a - 25. What is u(-3)?
11
Let r(w) = -w**2 - 10*w + 18. Give r(-17).
-101
Let c(r) = r**3 + 13*r**2 + 22*r - 3. Calculate c(-11).
-3
Let h(s) = 20*s - 412. Give h(22).
28
Let z(h) = -h**3 - 3*h**2 + 10*h - 5. Determine z(-5).
-5
Let o(p) = p**2 + 7*p. Determine o(-6).
-6
Let y(c) = -c**2 + 85. Calculate y(-9).
4
Let u(b) = b**2 + 21*b + 33. Give u(-20).
13
Let n(l) = -10*l - 38. Give n(-4).
2
Let n(s) = 26*s**3 + 6*s**2 + 8*s + 3. Give n(-1).
-25
Let a(s) = 28*s - 25. Determine a(1).
3
Let n(w) = w**3 + 2*w**2 + 2. Calculate n(-2).
2
Let l(a) = 14*a + 5. Calculate l(-1).
-9
Let q(f) = -3*f + 26. Give q(8).
2
Let k(i) = -i**3 + 13*i**2 - 7*i + 40. Calculate k(13).
-51
Let z(f) = -4*f + 5. Give z(3).
-7
Let f(g) = -2*g - 38. Give f(-19).
0
Let f(y) = 7*y + 11. Calculate f(-3).
-10
Let j(z